mon factor of j and 18?
2
Suppose 3*g - 2*g = 12. Calculate the highest common factor of g and 120.
12
Suppose -5*w + 174 = -w + 2*d, -w = -2*d - 36. Calculate the greatest common factor of w and 21.
21
Let d(z) = -z**2 + 3*z + 3. Let a be d(3). Let x be (7 + -2)*(-6)/(-5). What is the greatest common divisor of x and a?
3
Suppose 4*z = 252 + 532. Let w = -17 - -22. Suppose w*o - 124 - z = 0. What is the greatest common factor of 8 and o?
8
Let a(z) = z**3 - 7*z**2 - z + 13. Let d be a(7). Calculate the highest common factor of 48 and d.
6
Let y(s) = 89*s**2 - 2*s. Let g be y(2). Calculate the greatest common divisor of g and 44.
44
Suppose -2*v - m + 0*m - 22 = 0, -4*v + 4*m = 68. Let x be (-1 - v/5)*-30. Let h = 103 + x. What is the greatest common factor of h and 22?
11
Let a(c) = 4*c**2 - 13*c - 9. Let p be a(7). Let z = -25 - -1. Let k be (18/4)/((-9)/z). Calculate the greatest common divisor of p and k.
12
Let o(v) = v**2 - 4*v - 4. Let n be o(8). What is the greatest common factor of 70 and n?
14
Let y(m) = m**3 - 3*m**2 + 14*m + 4. Let w be y(6). What is the highest common divisor of 28 and w?
28
Suppose 15 = -3*l, -80 = -3*h - 0*h - 5*l. Suppose -4*s = -4*n - 40, 4*n = 4*s + 5*n - 15. Calculate the highest common factor of s and h.
5
Suppose -4*u + 5*l + 36 = 0, 2*u = -l + 2 + 2. Suppose u*r + 12 = 5*r. Calculate the greatest common factor of r and 6.
6
Let z(i) = i**3 - 6*i**2 + i. Let c be z(6). Let x be (-1 - -137) + (-18)/c. What is the highest common divisor of x and 19?
19
Let i be (-1)/(-3)*(-1 - -13). Suppose -5 = -b + i. Suppose -6 = -8*h + 42. Calculate the greatest common factor of b and h.
3
Let f = 24 - -2. Let c = f - -14. What is the highest common divisor of c and 5?
5
Let g(i) = i**3 - 14*i**2 + 13*i + 6. Let d be g(13). What is the highest common factor of 3 and d?
3
Let j be ((-4)/(-6))/(4/192). Calculate the highest common factor of 48 and j.
16
Suppose 3*g - 6*g = -a + 121, -5*a = -20. Let l be -2 - ((-2)/(-2) + g). Calculate the greatest common divisor of 24 and l.
12
Let f be -2*(0 - 1) + 1. Suppose 0 = -f*l - 0*l. Suppose l = 5*y - 5 - 10. What is the greatest common divisor of y and 27?
3
Let f = 61 - 34. Let n(h) = h**3 + 4*h**2 - 2*h - 3. Let q be n(-2). Calculate the greatest common divisor of f and q.
9
Let y = 3 + -3. Let r = -11 + 16. Suppose -2*j + y*j + 80 = r*k, 0 = k - j - 16. Calculate the highest common factor of 4 and k.
4
Let f = 0 - -1. Suppose 0*w - g + 25 = w, -5*w = -4*g - 98. Let y = w + -15. Calculate the highest common divisor of y and f.
1
Let x be (-2)/4 + (-3)/6. Suppose -3*d - 13 = -4. Let l be (-8)/(-6)*d/x. What is the greatest common factor of l and 36?
4
Suppose 10 = -2*b + 7*b. Suppose -j - 27 = -4*x, b*x + j = -0 + 9. Let q be ((-6)/8)/((-2)/40). Calculate the highest common divisor of q and x.
3
Suppose t - 5 = -0*t. Suppose -2*s - 3*s + 5*m + 165 = 0, 0 = -t*s - 2*m + 158. Suppose -q = 4*q - 20. What is the highest common divisor of s and q?
4
Suppose 0 = -9*l + 4*l + 2*f - 106, 0 = 2*l + 2*f + 48. Let b be (2/4 - 1)*-74. Let n = l + b. What is the greatest common divisor of n and 5?
5
Suppose -2 = -q - 3*g, -4*q + 4*g + 18 = -22. Calculate the highest common factor of q and 72.
8
Suppose 4*y = 9 + 303. What is the greatest common factor of 6 and y?
6
Let y be ((-6)/4)/(1/(-14)). Let a be (14/(-4))/((-10)/40). What is the greatest common divisor of y and a?
7
Let x be (-39)/(-18) + -2 - (-188)/24. Calculate the greatest common factor of 12 and x.
4
Suppose -7 = -4*a + 25. Suppose -k = -0 - 2. What is the greatest common divisor of k and a?
2
Suppose 5*k = 13 + 7. Suppose -k*i + 33 = -55. Calculate the greatest common divisor of i and 2.
2
Let c be 108/(3 - 7)*-1. Calculate the greatest common factor of c and 18.
9
Let l(x) = -x**2 - 10*x + 2. Let s be l(-10). Suppose 2*n + 4*g - 92 = 0, 15 = -s*g - g. What is the greatest common factor of 7 and n?
7
Suppose 19 = -5*y - 1. Let v be (5 - -5)*(-26)/y. Calculate the highest common divisor of v and 26.
13
Suppose -x = 3*u + 49, u - 6*x = -2*x + 1. Let m be (-333)/u - (-2)/(-10). Calculate the highest common factor of m and 154.
22
Let m = 18 - 8. Let n = -9 + m. What is the highest common divisor of 9 and n?
1
Let f = 13 - 5. Let i(x) = 6*x**3 + 2*x**2 + 2*x - 4. Let r be i(2). Calculate the highest common factor of f and r.
8
Suppose 6*f = 3*f. Let u be (f - 1)*(-12 - 3). What is the highest common factor of 10 and u?
5
Let y = -2 - 0. Let s be 21/5 - y/(-10). Calculate the highest common divisor of s and 12.
4
Suppose 106 = 3*a - q, q = -a + 5*a - 141. Let o be 124/7 - (-10)/a. Calculate the greatest common factor of o and 6.
6
Let u be (1/3)/((-15)/(-2025)). What is the highest common factor of u and 5?
5
Let y be 1*(-57)/9*-3. Calculate the greatest common factor of y and 38.
19
Let b be (-35)/(-4) + 2/8. Let a(n) = b - n + 8*n + n**2 + 2*n. Let h be a(-8). Calculate the highest common divisor of h and 8.
1
Suppose -4*t + 20 = 2*s, 4*s = t - 0*s + 4. What is the highest common factor of 4 and t?
4
Let i = -83 + 88. Let s be ((-8)/(-6))/(4/6). What is the highest common divisor of s and i?
1
Let d = 29 - 20. Calculate the greatest common factor of 9 and d.
9
Let w = 450 + -299. Suppose -r - 66 = -0*r. Let h = r + w. Calculate the highest common divisor of h and 17.
17
Let h be (6/(-9))/(0 + 1/(-18)). Calculate the greatest common factor of h and 12.
12
Suppose -4*u = w - 42, u - 3*u + 8 = 0. Suppose -w = -2*i - 120. Let q = 96 + i. Calculate the highest common factor of 7 and q.
7
Suppose 4*a - 8*a + 432 = 0. Calculate the highest common factor of a and 12.
12
Suppose -3*p + 409 = -4*n + 2*n, 2*n = 4*p - 544. What is the highest common divisor of p and 54?
27
Suppose -3*n = 2*g - 417, 4*g + 3*n - 1065 = -g. Calculate the greatest common factor of 27 and g.
27
Let v(x) = x**3 - 9*x**2 - 9*x. Let s be v(10). Suppose 2 = 3*m - 55. Let w = m - s. Calculate the highest common divisor of 9 and w.
9
Suppose 0*g + 50 = 2*t - g, 2*g = t - 31. Suppose 10 = 2*s, 2*s + 17 + t = 5*m. Suppose 0 = -2*d + 6*d - 280. Calculate the highest common divisor of d and m.
10
Suppose -4*m + 16 = -2*m. Let y = m - -3. Suppose 3*k = 2*d + 4*k - 245, -2*k = -3*d + 357. What is the highest common factor of d and y?
11
Suppose 11*q - 4*q - 42 = 0. Calculate the highest common divisor of q and 54.
6
Suppose 3*w - 2*w = -4, -95 = -5*p + 5*w. Calculate the highest common divisor of p and 5.
5
Let i(h) = 5 + 2*h - h - 7 + 3*h. Suppose 0 = y + 1 - 7. Let q be i(y). What is the highest common factor of q and 11?
11
Suppose 39 = i - 4*i. Let y = 1 - i. Calculate the greatest common divisor of 112 and y.
14
Let q = 13 - 9. Suppose -q*a = -3*a - 40. What is the highest common factor of a and 5?
5
Let k(c) = -15*c - 110. Let m be k(-9). What is the highest common divisor of 5 and m?
5
Suppose 0 = -2*f - 4*w + 154, 3*w - w + 124 = 2*f. Suppose 2*u + 2*u - f = -m, 5*u + 160 = 2*m. Calculate the greatest common factor of 15 and m.
15
Suppose 0 = -h - 3*a + 8, 38 = 2*h + h + 2*a. Suppose 2 = 2*x - 0. Let v be (-216)/(-16) - x/(-2). What is the greatest common factor of h and v?
14
Suppose 3*w - 21 - 30 = 0. Calculate the highest common factor of 85 and w.
17
Suppose 5*z - 25 = 0, 2*h + 3 + 18 = 5*z. Let t = 14 - 8. Calculate the highest common divisor of t and h.
2
Let t(f) = 2*f - 11. Let l be t(18). Calculate the highest common factor of 20 and l.
5
Let j(i) = -4*i**2 + 6*i + 2. Let f be j(6). Let p(d) = d**3 - d**2 + 4*d - 1. Let k be p(3). Let r = k - f. Calculate the greatest common factor of r and 15.
15
Let q be -2 - -1*(-23 - -1). Let g = q + 79. What is the highest common factor of 5 and g?
5
Suppose p + 0*p = 52. What is the greatest common divisor of 91 and p?
13
Suppose 0 = -3*r + 4 + 11. Suppose -3*g = -12, -71 = 2*v - r*v - 5*g. Calculate the highest common factor of v and 136.
17
Let a be (16/40)/((-1)/(-5)). Suppose -3*h + a*f + 205 = 26, -5*h + 305 = -5*f. Calculate the greatest common divisor of h and 38.
19
Suppose 0 = -2*d + d + 121. Calculate the highest common divisor of d and 11.
11
Suppose 3*w = d + 30, -3*d = 4*w + 2*d - 59. Suppose w = -5*l + 31. Suppose n - 2*m = 5 + l, n - 7 = m. What is the highest common factor of n and 15?
5
Let d be 112